nd 12459200?
650
Calculate the highest common factor of 330 and 5768958.
6
What is the greatest common factor of 15786 and 1906326?
18
What is the highest common factor of 1237 and 38311127?
1237
Calculate the greatest common divisor of 152 and 59185988.
76
Calculate the highest common factor of 84573247 and 44.
11
Calculate the greatest common factor of 1593032 and 7952.
56
Calculate the highest common factor of 8867964 and 168.
84
Calculate the greatest common factor of 88747483 and 22.
11
What is the greatest common divisor of 11871 and 148663171?
1319
What is the highest common factor of 676 and 70828745?
169
Calculate the highest common divisor of 1395 and 496890.
45
What is the greatest common divisor of 6648481 and 58336?
1823
Calculate the highest common factor of 3282427 and 9.
1
What is the highest common factor of 1155 and 34942677?
231
What is the greatest common factor of 8607171 and 870?
87
What is the greatest common divisor of 23758395 and 60?
15
What is the greatest common divisor of 56007346 and 1058?
1058
What is the greatest common divisor of 101520603 and 99?
9
What is the highest common divisor of 12 and 382268?
4
Calculate the greatest common divisor of 2016 and 4712736.
672
What is the highest common factor of 467 and 287063032?
467
Calculate the greatest common factor of 13573806 and 13161.
321
What is the highest common factor of 54 and 862623?
27
Calculate the highest common factor of 1320 and 847920.
120
What is the highest common divisor of 76107864 and 336?
168
What is the greatest common factor of 7811 and 39493?
73
Calculate the greatest common factor of 56 and 771526.
14
Calculate the greatest common divisor of 74833 and 17820.
11
Calculate the greatest common factor of 537267240 and 2476.
2476
What is the greatest common factor of 208032 and 3038134?
4334
What is the greatest common divisor of 1857440 and 2340?
260
What is the highest common divisor of 8629528 and 8?
8
Calculate the highest common divisor of 1177668 and 180.
36
What is the highest common factor of 294 and 99093414?
42
Calculate the greatest common factor of 91 and 73224528.
13
What is the greatest common divisor of 28438160 and 2480?
2480
What is the highest common factor of 27896 and 7065296?
2536
What is the greatest common factor of 7035 and 181545?
105
What is the highest common divisor of 60912 and 112048?
752
What is the greatest common factor of 13365 and 3422925?
1485
Calculate the greatest common factor of 392 and 1368.
8
Calculate the greatest common factor of 488672 and 16672.
32
Calculate the highest common divisor of 4088 and 174440.
56
What is the highest common factor of 392739842 and 7942?
7942
Calculate the greatest common factor of 1746 and 440962.
194
What is the highest common divisor of 2140824 and 336?
168
Calculate the highest common divisor of 842280 and 2352.
24
Calculate the highest common factor of 2904155 and 955.
955
Calculate the greatest common factor of 220257 and 243.
9
What is the greatest common divisor of 925 and 9200420?
185
What is the greatest common divisor of 2773035 and 8016?
501
Calculate the greatest common divisor of 396 and 12107304.
396
What is the greatest common factor of 15193002 and 4182?
102
What is the greatest common factor of 4693 and 40828739?
361
What is the greatest common factor of 13968 and 164008?
8
What is the greatest common divisor of 73 and 63943328?
73
Calculate the greatest common factor of 1192 and 267952.
8
What is the greatest common factor of 127297996 and 28?
28
Calculate the highest common factor of 35480592 and 648.
648
What is the greatest common factor of 300 and 106177600?
100
Calculate the greatest common divisor of 1995048 and 190528.
1832
What is the greatest common factor of 1007930 and 3060?
170
What is the greatest common factor of 95477 and 77978?
307
What is the highest common factor of 365765 and 131599?
191
What is the highest common factor of 30 and 251624190?
30
Calculate the highest common factor of 11142 and 70088751.
5571
Calculate the highest common divisor of 63 and 876631.
7
Calculate the highest common divisor of 159 and 24083677.
53
Calculate the greatest common factor of 7278 and 363257110.
2426
Calculate the greatest common factor of 3396 and 243084.
12
What is the highest common factor of 225 and 294025?
25
Calculate the highest common divisor of 79079760 and 360.
360
Calculate the greatest common divisor of 3648 and 1629696.
192
Calculate the greatest common factor of 1027 and 8226.
1
What is the highest common divisor of 167736 and 551928?
696
What is the highest common divisor of 482900 and 1014968?
1756
What is the highest common divisor of 147000 and 1098500?
500
Calculate the highest common factor of 313224 and 194736.
24
Calculate the highest common factor of 46766 and 5.
1
Calculate the highest common divisor of 4 and 124658302.
2
Calculate the highest common factor of 106 and 46958.
106
What is the greatest common factor of 646 and 64498?
34
What is the greatest common factor of 5 and 229770755?
5
Calculate the highest common factor of 79532 and 43011.
59
What is the greatest common divisor of 1044 and 12749850?
522
What is the highest common factor of 126365 and 1946783?
127
Calculate the greatest common factor of 18 and 33432499.
1
Calculate the highest common divisor of 676741914 and 3699.
1233
What is the highest common factor of 110975800 and 10?
10
Calculate the greatest common divisor of 11573 and 2505519.
71
What is the highest common factor of 6223 and 19050?
127
Calculate the highest common divisor of 296505 and 229680.
495
Calculate the greatest common divisor of 4042155 and 65.
65
Calculate the highest common factor of 303 and 8010411.
303
What is the greatest common factor of 4060133 and 103180?
5159
What is the highest common factor of 1 and 18322869?
1
What is the greatest common divisor of 38424270 and 5?
5
Calculate the greatest common factor of 467015 and 22103.
713
Calculate the highest common divisor of 884775 and 56400.
3525
Calculate the highest common divisor of 635 and 59432825.
635
Calculate the greatest common divisor of 378 and 466774602.
42
What is the highest common divisor of 15694 and 5678986?
2242
What is the greatest common divisor of 969754 and 154906?
2122
What is the greatest common divisor of 1739564 and 233966?
1786
Calculate the greatest common factor of 4816436 and 1392.
116
Calculate the greatest common divisor of 83341766 and 21402.
2378
Calculate the greatest common factor of 361058 and 21754.
146
Calculate the greatest common divisor of 2214 and 298849.
41
What is the greatest common factor of 736971 and 15?
3
What is the highest common divisor of 11737422 and 6084?
18
Calculate the highest common factor of 294192 and 161358864.
10896
Calculate the highest common divisor of 134 and 4771003.
67
Calculate the greatest common divisor of 1057 and 21818443.
151
What is the highest common divisor of 37883686 and 30276?
1682
Calculate the highest common divisor of 552 and 279355884.
276
Calculate the greatest common factor of 664355263 and 39.
13
Calculate the greatest common divisor of 107534 and 63532.
14
What is the highest common divisor of 10885 and 48138135?
1555
What is the greatest common factor of 748987 and 17?
1
Calculate the highest common divisor of 2 and 214541773.
1
Calculate the highest common factor of 1726 and 11064523.
863
What is the highest common factor of 23249940 and 204?
12
Calculate the highest common factor of 16093 and 53865.
133
Calculate the greatest common divisor of 5155720 and 3965.
305
Calculate the highest common divisor of 105 and 39081.
21
What is the greatest common factor of 905996971 and 86?
43
What is the highest common factor of 82636 and 6507302?
566
Calculate the highest common factor of 77145 and 12.
3
What is the greatest common divisor of 8801991 and 201?
201
What is the greatest common factor of 33210 and 554310?
270
What is the greatest common factor of 20290289 and 929?
929
What is the highest common factor of 2078398242 and 4924?
2462
What is the greatest common divisor of 7758900 and 1956967?
8621
Calculate the highest common divisor of 23635386 and 148950.
5958
What is the greatest common divisor of 5918510 and 2650?
530
What is the highest co